prime number?
False
Let c = 37743 + -6466. Is c prime?
True
Suppose 0 = -2*q + 9*r - 6*r - 11933, -4*r - 23836 = 4*q. Let g = -2145 - q. Is g a composite number?
True
Suppose -t - t = -3*h + 16, 5*h - 18 = -t. Let g(d) be the third derivative of -21*d**4/4 - d**3/6 + d**2 - 90. Is g(t) a prime number?
True
Suppose 0 = 5*o - 4*n - 6, -2*n = 4*o + n - 11. Let c(k) = 5*k**2 - 569*k + 37 + 2*k**2 + 565*k + k**o. Is c(10) a composite number?
False
Let y(g) = -910*g + 10553. Is y(-147) prime?
True
Let g(t) = t**2 - 4*t - 18. Let i be g(7). Suppose -i*y = 4*d - 2912, -4*d = y - 5*y - 2940. Is d composite?
True
Let z(h) = 22*h**2 - 34*h + 103. Is z(-59) a composite number?
False
Suppose -5*o = -5*i + 1860 + 3865, 3*i = 2*o + 3436. Suppose 166*z = 160*z + i. Is z a prime number?
True
Suppose -3*b - 7*b + 70 = 0. Suppose 2*p = -b*o + 4*o + 13993, -2*o + 13992 = 2*p. Is p a composite number?
True
Let k(v) = -81*v**3 - 3*v**2 - 8*v - 2. Let y be k(-3). Let s = 4077 - y. Let t = s + -486. Is t composite?
False
Let b be 2/(1/((-2005)/(-10))). Suppose b = 17*z - 10020. Is z prime?
True
Suppose 10302 = 7*o - 12854. Let h = o - 879. Is h prime?
False
Suppose -5*n - 37 = 4*j, -5*n + 0*n - 16 = -3*j. Let g be (0 + j - -1) + 6/1. Suppose -4*k = g*u - 6180, -2*u + 3092 = 2*k + k. Is u composite?
False
Let h(u) = 1635*u**3 + 0 + 3554*u**3 + 2*u + u**2 - 9 + 6. Is h(1) a prime number?
True
Suppose 28*b = 33*b - s - 143756, 0 = -3*b - 3*s + 86250. Is b composite?
False
Suppose 2*d + 3*v + 3 = -d, 0 = 2*d + 5*v + 11. Suppose -2*p - 22 = -3*i - 4*p, 5*i - 58 = d*p. Is 5/(125/25180) + (-2)/i a composite number?
True
Let d = 515 + 1369. Suppose 5*y - 2*y = o + d, -4*o - 7518 = -3*y. Is 1*(-8 + 4 - o) composite?
True
Let p(w) = -1379*w + 2944. Is p(-113) a composite number?
False
Suppose 4*q - 385081 - 269059 = 0. Is q a prime number?
False
Let b = -820801 + 1266620. Is b composite?
True
Suppose -37457090 = -141*w + 31*w. Is w prime?
True
Let n = -86513 + 186292. Is n prime?
False
Let l = 83863 + -24324. Is l composite?
False
Let k(y) = y - 5. Let n be k(-12). Suppose i + 20 = -4*i, w + i - 911 = 0. Is (n - -19) + (w - 0) a composite number?
True
Let m(k) = 3965*k**2 - 23*k + 455. Is m(12) prime?
False
Is (-6)/48*17036*272/24*-3 composite?
True
Let c be ((-10)/2)/((-5)/6). Suppose 1042 = -4*t + c*t. Is t a prime number?
True
Suppose 3*w - 139 = -2*y, -w - 4*w = -5*y + 385. Suppose -y = -3*s - 3*m + 1, -s = 5*m - 9. Let f = s - -512. Is f composite?
False
Let p = -137 + 137. Suppose 8*n - 23 - 1713 = p. Is n composite?
True
Is (-12 - -20) + -11 + 332614 composite?
False
Is ((-5)/(-15) - (-1790110)/60)*2 a prime number?
True
Let u be (3 - (-63)/6)*(-40)/(-30). Is 0 + (-46067)/(-42) - (-3)/u prime?
True
Let y(d) = 366*d + 85. Suppose -78 = -5*r - r. Is y(r) composite?
True
Let n(a) = 15*a**2 + 51*a + 509. Is n(-33) a composite number?
False
Let g(n) = -14 + 0 - 6*n**3 + n + 3*n**2 - 5*n**2. Is g(-7) a composite number?
True
Suppose -2*f = s - 621, -4*s - 3*f - 692 = -3161. Suppose 3*j = -4*b + s + 660, 5*j = 5*b - 1585. Let p = b - 191. Is p prime?
True
Let n(k) = -2134*k**3 - k**2 + 2. Is n(-3) a prime number?
False
Suppose -2*x + 4*b = -918210, x + 3*b = 424315 + 34750. Is x composite?
False
Suppose -11*f = -16*f + 6*f - 200189. Is f composite?
True
Let z(s) = -29 - 94*s - 98*s + 138*s. Is z(-13) a prime number?
True
Let p(h) = 8*h**2 + 22*h + 11. Let j(w) = w**2 - w + 10. Let c be j(-3). Suppose -3*l = c + 17. Is p(l) a prime number?
False
Suppose -g - 444416 = -2*z, -z - 4*z - 5*g + 1111085 = 0. Is z a prime number?
False
Let b = 14896 - -44353. Is b prime?
False
Let k = -109 + 123. Is k/35 - 300332/60*-3 a composite number?
False
Suppose -4146*i + 8483169 = -4017*i. Is i composite?
False
Suppose 3*m + 32*x - 84054 = 35*x, 0 = 6*m - 4*x - 168094. Is m prime?
False
Let a(r) = 58146*r**2 + 32*r + 33. Is a(-1) a composite number?
False
Let n(j) = 2*j**3 + 6*j**2 + 3*j + 8. Let q be n(5). Is (-5)/10*(1 - q) composite?
False
Let a(n) be the second derivative of -277*n**3/3 + 35*n**2/2 + 69*n. Is a(-16) composite?
True
Let f = 694 - 330. Suppose 2*i - 3*i + 1 = -q, 5*q - 2*i + 2 = 0. Suppose 4*a = -q*a - 2*n + 1506, -a - 3*n + f = 0. Is a a composite number?
False
Let x(b) = -180054*b**3 + 3*b**2 + 4*b + 2. Is x(-1) a prime number?
False
Let l be 3*2*((-75)/18 + 5). Suppose -l*m - 5*n + 20200 = 0, -2*n - 20227 = -5*m + 2*n. Is m prime?
False
Let q be (190/(-9) + (-10)/45)*-3. Suppose q*o - 62*o = 44. Is o composite?
True
Let w = -1192 + 794. Let c = w + 805. Is c prime?
False
Let r(z) = 203*z + 66. Let p(o) = -1. Let q(i) = -6*p(i) - r(i). Is q(-5) a prime number?
False
Let c = 14713 - 11720. Is c a prime number?
False
Let t be (10 + -12)/((-2)/18*2). Is (-11 + t)*4894/(-4) composite?
False
Suppose -3 = -3*y, 645*y - 649*y = -3*d + 392609. Is d a composite number?
True
Suppose -178 = 5*y - 868. Is y/897 + (-16235)/(-13) a prime number?
True
Is (21 - (-39)/30)*22510 a composite number?
True
Suppose -46*x = 80*x - 79062354. Is x a prime number?
True
Let y(n) = -3*n + 37. Let r be y(11). Suppose 4*w - 5*o = -0*w + 26, -5*w - r*o + 12 = 0. Suppose 0*d = -d - w*l + 779, -2361 = -3*d - 4*l. Is d prime?
False
Let n be (-1)/((-4)/6)*26/3. Suppose 4*k = 2*f - 28, -f = -5*k - 4*f - n. Is -3 + (k + 4)/(1/(-3824)) prime?
True
Let s(j) = 7*j**2 - 2. Let t be s(1). Suppose -2*i + z - 2 = 3*z, 0 = -2*i + t*z + 12. Is (-2057)/(-66) + i/(-6) composite?
False
Let b(a) = -a. Let c(j) = 97*j**2 + 12*j + 11. Let t(m) = 5*b(m) + c(m). Is t(-8) a composite number?
False
Let u(p) = 3*p + 127. Suppose 0 = 3*z + 2*n - 19, 3*z - 5*z + 5*n - 19 = 0. Suppose z*l = 4*q + 6, -2*q - 2*l - 1 + 5 = 0. Is u(q) composite?
False
Let z be -24 - -5037 - (-2 + -6). Suppose -z = -y + 4*w, 15056 = -5*y + 8*y - 5*w. Is y prime?
False
Suppose -132*q - 2*h - 31227 = -137*q, 3*h = 5*q - 31223. Is q a prime number?
True
Suppose a + 7 + 32 = 0. Let m = a + 43. Suppose -320 = m*j - 1996. Is j a composite number?
False
Let u = 44417 + 102060. Is u composite?
False
Suppose -4*j + 3943 - 11799 = 2*v, -7851 = 2*v - j. Let u = 24561 + v. Is u a prime number?
False
Suppose -30 + 5 = 5*v. Let h be (-1235)/38*(-8)/v. Is (h/(-8))/((6/(-316))/(-3)) composite?
True
Let b = -18 - -44. Let g be b*(15620/8)/(-11). Let t = g + 7817. Is t composite?
True
Suppose 105*m - f = 110*m - 30979, -3*m + 5*f + 18621 = 0. Is m a prime number?
True
Suppose 0 = 40*n - 6980751 - 8300729. Is n prime?
True
Suppose 3*u = -6, 0 = 4*n - 5*u + 278 - 4980. Suppose 5*b = n + 3222. Is b a composite number?
True
Let q = -4 - -4. Suppose -3*i = -0*c + c - 3586, q = -i + 5*c + 1190. Is i prime?
False
Suppose -4*s + 40 = 5*d + 468, 5*d = 0. Let x(n) = -n**3 + 8*n**2 + 18*n - 10. Let f be x(12). Let y = s - f. Is y a composite number?
False
Let i = 29681 - 20761. Suppose -2*u - 2*r + i + 864 = 0, 19562 = 4*u + 2*r. Is u prime?
True
Let r(v) = 77*v**2 - 15*v - 31. Let i be (8/(64/(-4)))/(1/6). Is r(i) a prime number?
False
Is -3611238*(165/90 + -2) composite?
False
Suppose 22*r - 147054 = 5*z + 20*r, -2*z - 2*r - 58830 = 0. Let j = z + 54005. Is j prime?
True
Suppose -l - 4*y + 10693 = 0, 2*l - 3*y - 28980 + 7583 = 0. Is l a composite number?
True
Is 2216/(-24)*5/((-45)/11637) a composite number?
True
Let d be 4/18 + (-20)/90. Suppose d = 2*j - 11*j + 56385. Suppose -3*z + 3*u = -4692, 4*z - j = 3*u - 2*u. Is z a prime number?
True
Let g = 303129 - 177800. Is g composite?
False
Let x(i) = 20*i**2 - 2*i + 5. Let j(a) = 20*a**2 - 2*a + 4. Let g(o) = -4*j(o) + 3*x(o). Let n be g(2). Let b = n - -132. Is b a prime number?
False
Let p = -220 - -190. Is 1532/12 + 4*5/p prime?
True
Let h(j) = -2785*j - 10317. Is h(-94) prime?
True
Let o(n) = n**3 + n**2 - 6*n - 10. Let p be o(-2). Is (p*13701/6)/(-1) a prime number?
True
Suppose -20*w = w - 84. Suppose 69957 = w*p + 5*p. Is p a composite number?
True
Is (217621 - -22)/((-6 + 5)*-1) a prime number?
True
Let j(u) = u**3 - u**2 + u + 4501. Let g be j(0). Suppose -11*k + 4*k + g = 0. Is (-2 + k - -1) + (-1)/1 a prime number?
True
Let r = 718 + -3201. Let q = r - -3744. Is q - (-1)/(14/(-4) + 3) prime?
True
Let b(g) be the third derivative of -41*g**4/4 + 35*g**3/6 - 62*g**2. Is b(-11) prime?
True
Suppose -13*q + 378 = 105. 